 - s. Suppose -a = -k*a + 75. What is the remainder when 48 is divided by a?
23
Let i(u) = 4*u + 12. Let d = -466 - -856. Suppose -5*c + 85 = -d. Calculate the remainder when c is divided by i(5).
31
Suppose 0 = -f - 0*f - 7. Let j(a) = 203*a**2 - 19 - 204*a**2 - 7*a + 28. Calculate the remainder when 16 is divided by j(f).
7
Let h(l) be the second derivative of -1/3*l**3 - l**2 + 1/6*l**4 - 7*l + 0. What is the remainder when 41 is divided by h(-3)?
19
Suppose -186 + 1512 = 34*y. What is the remainder when 76 is divided by y?
37
Suppose 0 = -7*n - 12*c + 16*c + 307, -3*c = 2*n - 96. Calculate the remainder when 150 is divided by n.
15
Let o = -540 + 618. Calculate the remainder when 232 is divided by o.
76
Let a(z) = -85*z + 21. What is the remainder when a(-1) is divided by 12?
10
Suppose f = -2*a + 143, 595 = 3*f - 2*a + 190. Suppose -3*k + 81 = -0*w + 2*w, 4*w + k = f. Let l = -3 - -20. Calculate the remainder when w is divided by l.
16
Suppose -56*j + 61*j - 2*y - 2640 = 0, -j + 541 = -3*y. What is the remainder when j is divided by 44?
42
Suppose 2*m + 5*p - 78 = 0, -7*p = -4*m - 3*p + 184. Calculate the remainder when 303 is divided by m.
39
Suppose 0 = n - 5*k - 40 - 76, -3*n + k = -390. What is the remainder when n is divided by (-1)/5 - (-96)/5?
17
Let p(u) = -7*u - 15. Let x be p(-11). Suppose 3*n - 47 + 10 = 4*i, -3*n - i = -x. Calculate the remainder when 74 is divided by n.
17
Suppose 0 = -3*l - 3*l. Suppose -4*i + b + 83 = 0, l*i + i + 5*b = 47. What is the remainder when 151 is divided by i?
19
Let x(s) = -s - 1. Let l be x(3). Calculate the remainder when 42 is divided by 2/(-7) + (l - 186/(-14)).
6
Calculate the remainder when 97 is divided by (-25)/(-23) - 1 - 14856/(-552).
16
What is the remainder when 49 is divided by 10/(-5) - (-31 + -1 + 4)?
23
Calculate the remainder when 4/20 + 3838/10 is divided by 43.
40
Let w be (-2)/6 + 70/21. Let t = w - 5. What is the remainder when 9 is divided by ((-3)/9)/(t/12)?
1
Suppose 110*w - 85*w = 250. What is the remainder when 288 is divided by w?
8
Suppose -69 = -3*l - 0. What is the remainder when (14/2 - 6)/(-1*8/(-352)) is divided by l?
21
Let w(n) = -n**3 + 7*n**2 + n + 3. Let k be w(7). Let h(y) = -k*y - y**2 - 17 + y - 10*y + y. Calculate the remainder when h(-12) is divided by 29.
26
Let g = -76 + 24. Let q = -30 - g. Let f = q - 16. What is the remainder when 27 is divided by f?
3
Suppose -3*i + 162 = -171. What is the remainder when i is divided by 24?
15
Let u be (-1 - -1) + -34 - -3. Let d = u + 47. Calculate the remainder when 44 is divided by d.
12
Suppose 0*n - 14*n + 700 = 0. Calculate the remainder when 270 is divided by n.
20
Let u be (-8)/(-2) + (1 - (-9 + 9)). Suppose 5*p - u*a - 30 = 0, -p + a - 3 = 3*a. Calculate the remainder when 46 is divided by p.
1
Suppose -307 = -11*f + 122. What is the remainder when 113 is divided by f?
35
Let v(x) = x - 3. Let p be v(12). Suppose p = -7*u + 135. Calculate the remainder when 88 is divided by u.
16
Suppose 0*a - 24 = -3*a + 3*t, 3*a + t = 8. Suppose -48 = -3*i + a*k, -35 = -4*i + 3*i - 5*k. What is the remainder when 32 is divided by i?
12
Let p be (2/4)/((-4)/(-88)). Suppose 7*s - p*s = -156. What is the remainder when s is divided by 21?
18
Let k(x) = 3*x**3 - 4*x**2 + 4*x - 3. What is the remainder when k(4) is divided by 44?
9
Suppose 252*t = 259*t - 21. What is the remainder when 14 is divided by t?
2
Let c(m) = m**2 - 17*m + 10. Let j be c(17). Suppose -j = -z - z. Calculate the remainder when z is divided by 4.
1
Let g be (1*(-6)/(-2))/3. What is the remainder when -2 - (-2 + g + -7) is divided by 2?
0
Let a(l) = -l**3 + 22*l**2 - 32*l - 20. What is the remainder when a(20) is divided by 11?
8
Let u(f) = 2*f. Suppose -87 = -5*n - 4*l, l - 17 = -n - 0*l. Let o = 37 - n. Calculate the remainder when o is divided by u(2).
2
Let c(o) = -o**3 + 10*o**2 + 11*o + 4. Let h be c(11). Calculate the remainder when 2 is divided by (3 - h) + (-6)/(-3).
0
Let m = 64 + -61. Suppose m*f - 675 = -6*f. Calculate the remainder when f is divided by 38.
37
Let v = 528 + -503. What is the remainder when 222 is divided by v?
22
Suppose t - 4 = -1. Let o = -12 - -22. Suppose -3*d = -2*d - o. Calculate the remainder when d is divided by t.
1
Let y be 50 - (0 + -7 + 3). Suppose -34 = -8*h + y. Calculate the remainder when 43 is divided by h.
10
Let w = 3 + -1. Suppose -n = 3*p - 1, 0*n - 4*p - 52 = -w*n. Suppose y - 26 = n. Calculate the remainder when y is divided by 22.
20
Suppose -4*p + 108 = 2*b - 26, -5*b = -2*p + 85. What is the remainder when p is divided by 27?
8
Let x = -107 - -128. Calculate the remainder when 480 is divided by x.
18
Suppose -8 = -2*k - w, -5*k + 0*w = -w - 13. Let r be -3 - (k + -7) - 2. What is the remainder when r*(-4 + 3) - -50 is divided by 26?
25
Suppose 3*h + 3*y + 72 - 375 = 0, h - 85 = -5*y. Calculate the remainder when 200 is divided by h.
95
Suppose -o + 5*l + 431 = 0, -2*o - 5*l + 1116 - 329 = 0. Suppose -5*x + 666 = -3*r, -3*x + o = -0*x - 5*r. Calculate the remainder when x is divided by 17.
13
Suppose 2*i - 29 = -5*t - 0*i, 4*t - 5*i - 10 = 0. Suppose c = -t + 19. Calculate the remainder when 38 is divided by c.
10
Suppose -82*n + 90*n = 1272. Calculate the remainder when n is divided by 87.
72
Let y(g) = 21*g - 6. Let w be y(1). Let o = 14 + w. What is the remainder when o is divided by 6?
5
Suppose 0 = -0*t - 2*t - 8. Let d = 6 - t. What is the remainder when 38 is divided by d?
8
Let r = -5 + 9. Let c = -3 + r. Let g = 14 - c. Calculate the remainder when g is divided by 7.
6
Let d(z) be the second derivative of -z**4/12 + 2*z**3 - 12*z**2 + 7*z. Let r be d(6). Calculate the remainder when 14/(0 + 8/r) is divided by 8.
5
Let g(k) = k**2 + 8*k - 8. Let s be g(-12). Suppose 42 = 4*f + 2*j, 2*f - j - s + 13 = 0. What is the remainder when f is divided by 7?
5
Suppose 0 = -3*h - 44 - 1. What is the remainder when 53 is divided by (-215)/h - (-1)/(-3)?
11
Suppose 0 = 3*j - 2*j. Calculate the remainder when 171/6*(-4)/(-2) is divided by (-45)/(-3) - (j + 0).
12
Suppose 0 = -23*l + 25*l - 10. Suppose 0 = 2*c - 3*v - 30, 20 = c + 5*v + l. What is the remainder when 57 is divided by c?
12
Let o = -16 - -18. Suppose 44 = o*j - 0*j. Suppose j + 20 = 3*y. What is the remainder when y is divided by 9?
5
Suppose -2*l = 2*l - 2*k - 24, -6 = 3*k. Suppose l*o = 3*o + 10. Let n(q) = -q**3 - 16*q**2 + 18*q + 36. What is the remainder when n(-17) is divided by o?
4
Let d(w) = -w**3 - w**2 - 2*w + 17. Let h(s) = -s**3 + 7*s**2 - 9*s + 18. Let z be h(6). Calculate the remainder when 31 is divided by d(z).
14
Let h(i) = 2*i + 44. Suppose 2*k - 3*k = -2*k. Calculate the remainder when h(k) is divided by 25.
19
Let z = -584 - -630. What is the remainder when z is divided by 8?
6
Let g(m) = -m**3 - 2*m**2 + 5*m + 4. Let n be g(-5). Let k = -27 + n. What is the remainder when 107 is divided by k?
26
Suppose -7*c - 4*c - 550 = 0. Let r = c - -71. What is the remainder when 82 is divided by r?
19
Let t = 11 + -6. Suppose -5*u - 4*q - 46 = 0, t*u - 2*q = -7*q - 50. What is the remainder when 41 is divided by (-4)/u + (-31)/(-3)?
8
Suppose 2*u - 3*a + 6*a - 127 = 0, 0 = 2*a - 10. Calculate the remainder when u is divided by 22.
12
Let h(o) = 4*o - 4. Let f(g) = -g**2 - 9*g - 8. Let u be f(-8). Suppose -3*l + u = -15. What is the remainder when h(5) is divided by l?
1
Let b(i) = 32*i**2 - 9*i + 9. Let z be b(4). Let o = z - 307. Calculate the remainder when o is divided by 36.
34
Suppose 3*z = -5*s + 174, 2*z = 7*z + 4*s - 290. Calculate the remainder when 168 is divided by z.
52
Suppose -3*j = y - 173, -j = y + 2*y - 63. Suppose 51*w - 36 = 49*w. Suppose 0 = -v - 3 + w. What is the remainder when j is divided by v?
12
Let w be (-2)/20*-2 - (-4)/5. Let j(y) be the second derivative of 4*y**3/3 + 2*y. Calculate the remainder when 22 is divided by j(w).
6
Suppose 3*o = 0, -3*p - 4*o + 101 = 2. What is the remainder when p is divided by 3/(-2)*(-9 + (-4)/(-4))?
9
Let k(r) = -r - 1. Let w be k(3). Let o be (w + -2)*(-1)/2. Suppose 0 = n + 4*v - 13, 18 = o*n + n - v. Calculate the remainder when 13 is divided by n.
3
Suppose 17 + 121 = o. Suppose 2*d = 4*d - o. Suppose -5*c + 1 = -4, -5*f = -c - d. Calculate the remainder when 54